e remainder when 4907 is divided by 120?
107
What is the remainder when 18291 is divided by 572?
559
What is the remainder when 36041 is divided by 29?
23
Calculate the remainder when 7097 is divided by 4.
1
Calculate the remainder when 86478 is divided by 27.
24
Calculate the remainder when 119454 is divided by 8.
6
Calculate the remainder when 589 is divided by 176.
61
Calculate the remainder when 183748 is divided by 61241.
25
Calculate the remainder when 7752 is divided by 593.
43
Calculate the remainder when 9415 is divided by 4496.
423
Calculate the remainder when 89038 is divided by 1073.
1052
Calculate the remainder when 1997 is divided by 101.
78
Calculate the remainder when 4375 is divided by 399.
385
Calculate the remainder when 1492 is divided by 52.
36
Calculate the remainder when 2308 is divided by 563.
56
Calculate the remainder when 28535 is divided by 422.
261
What is the remainder when 1340404 is divided by 55?
54
What is the remainder when 741880 is divided by 286?
282
Calculate the remainder when 17617 is divided by 241.
24
Calculate the remainder when 4580570 is divided by 2002.
1996
What is the remainder when 73752 is divided by 131?
130
What is the remainder when 19642 is divided by 636?
562
What is the remainder when 20366 is divided by 453?
434
Calculate the remainder when 63937 is divided by 46.
43
What is the remainder when 547544 is divided by 136873?
52
What is the remainder when 2154 is divided by 462?
306
Calculate the remainder when 2209 is divided by 857.
495
What is the remainder when 1337 is divided by 51?
11
Calculate the remainder when 29157 is divided by 14550.
57
What is the remainder when 162755 is divided by 18?
17
Calculate the remainder when 4032 is divided by 150.
132
Calculate the remainder when 200749 is divided by 50.
49
Calculate the remainder when 27731 is divided by 27724.
7
Calculate the remainder when 6139 is divided by 6133.
6
Calculate the remainder when 47986 is divided by 47928.
58
What is the remainder when 1715 is divided by 15?
5
What is the remainder when 14905 is divided by 29?
28
Calculate the remainder when 57623 is divided by 977.
957
Calculate the remainder when 1092998 is divided by 200.
198
Calculate the remainder when 932 is divided by 208.
100
What is the remainder when 128006 is divided by 1406?
60
Calculate the remainder when 6279 is divided by 673.
222
Calculate the remainder when 8282 is divided by 243.
20
Calculate the remainder when 6503 is divided by 133.
119
Calculate the remainder when 1718 is divided by 538.
104
What is the remainder when 2489 is divided by 177?
11
Calculate the remainder when 13175 is divided by 102.
17
What is the remainder when 6446 is divided by 1260?
146
Calculate the remainder when 31686 is divided by 3949.
94
Calculate the remainder when 883 is divided by 821.
62
Calculate the remainder when 11911 is divided by 314.
293
What is the remainder when 11323 is divided by 186?
163
What is the remainder when 550 is divided by 94?
80
What is the remainder when 127003 is divided by 23?
20
Calculate the remainder when 194682 is divided by 25.
7
What is the remainder when 255099 is divided by 1209?
0
Calculate the remainder when 699061 is divided by 174764.
5
Calculate the remainder when 4294 is divided by 227.
208
What is the remainder when 1727952 is divided by 95?
92
What is the remainder when 2301 is divided by 209?
2
What is the remainder when 6659 is divided by 1363?
1207
What is the remainder when 613 is divided by 602?
11
What is the remainder when 148796 is divided by 81?
80
Calculate the remainder when 10899 is divided by 118.
43
What is the remainder when 30010 is divided by 9998?
16
What is the remainder when 232989 is divided by 1165?
1154
Calculate the remainder when 37208 is divided by 710.
288
Calculate the remainder when 88111 is divided by 434.
9
What is the remainder when 788991 is divided by 114?
111
What is the remainder when 572524 is divided by 306?
304
Calculate the remainder when 7915 is divided by 401.
296
Calculate the remainder when 58943 is divided by 427.
17
What is the remainder when 8302 is divided by 565?
392
Calculate the remainder when 152243 is divided by 10149.
8
Calculate the remainder when 4921276 is divided by 17.
14
What is the remainder when 1844 is divided by 598?
50
What is the remainder when 4134 is divided by 1371?
21
What is the remainder when 124720 is divided by 31161?
76
What is the remainder when 1923 is divided by 129?
117
What is the remainder when 11019 is divided by 579?
18
Calculate the remainder when 227861 is divided by 2619.
8
Calculate the remainder when 12939 is divided by 1448.
1355
What is the remainder when 44663 is divided by 724?
499
What is the remainder when 120671 is divided by 17?
5
Calculate the remainder when 46494 is divided by 228.
210
What is the remainder when 1983 is divided by 420?
303
What is the remainder when 16849 is divided by 10?
9
What is the remainder when 191699 is divided by 1169?
1152
Calculate the remainder when 1076 is divided by 524.
28
Calculate the remainder when 12850 is divided by 68.
66
Calculate the remainder when 7444 is divided by 54.
46
Calculate the remainder when 100066 is divided by 575.
16
Calculate the remainder when 6731 is divided by 39.
23
What is the remainder when 3488062 is divided by 94?
4
Calculate the remainder when 30882 is divided by 15440.
2
Calculate the remainder when 24293 is divided by 3971.
467
Calculate the remainder when 16098 is divided by 350.
348
What is the remainder when 9572 is divided by 42?
38
What is the remainder when 721422 is divided by 25?
22
Calculate the remainder when 8696 is divided by 965.
11
What is the remainder when 180562 is divided by 61?
2
Calculate the remainder when 61200 is divided by 166.
112
Calculate the remainder when 81015 is divided by 422.
413
Calculate the remainder when 1472 is divided by 59.
56
What is the remainder when 263719 is divided by 65928?
7
Calculate the remainder when 89847 is divided by 988.
927
Calculate the remainder when 30598 is divided by 300.
298
What is the remainder when 548 is divided by 194?
160
Calculate the remainder when 1086498 is divided by 39.
36
Calculate the remainder when 32398 is divided by 36.
34
Calculate the remainder when 62570 is divided by 454.
372
What is the remainder when 5861 is divided by 5853?
8
What is the remainder when 4893 is divided by 2441?
11
Calculate the remainder when 151380 is divided by 89.
80
What is the remainder when 47032 is divided by 15620?
172
What is the remainder when 680998 is divided by 15?
13
What is the remainder when 9087 is divided by 61?
59
Calculate the remainder when 145221 is divided by 41.
40
Calculate the remainder when 2809 is divided by 17.
4
What is the remainder when 5006 is divided by 215?
61
Calculate the remainder when 61073 is divided by 8.
1
What is the remainder when 1400 is divided by 55?
25
What is the remainder when 525 is divided by 383?
142
Calculate the remainder when 3865 is divided by 110.
15
Calculate the remainder when 626720 is divided by 133.
24
Calculate the remainder when 1183 is divided by 93.
67
Calculate the remainder when 6540 is divided by 964.
756
Calculate the remainder when 136467 is divided by 422.
161
Calculate the remainder when 532 is divided by 203.
126
Calculate the remainder when 34169 is divided by 213.
89
What is the remainder when 37623 is divided by 1504?
23
What is the remainder when 30131 is divided by 675?
431
What is the remainder when 17846 is divided by 55?
26
What is the remainder when 8037 is divided by 898?
853
Calculate the remainder when 1842 is divided by 1823.
19
What is the remainder when 6484 is divided by 55?
49
Calculate the remainder when 3493060 is divided by 18.
16
What is the remainder when 545707 is divided by 272841?
25
Calculate the remainder when 3387 is divided by 37.
20
What is the remainder when 6513 is divided by 9?
6
What is the remainder when 18501 is divided by 58?
57
What is the remainder when 37030 is divided by 13?
6
What is the remainder when 175 is divided by 100?
75
What is the remainder when 19446 is divided by 6477?
15
Calculate the remainder when 1172 is divided by 123.
65
What is the remainder when 14475 is divided by 19?
16
What 